 is the highest common factor of 2316 and 307976276?
772
What is the highest common factor of 261 and 2369184?
87
Calculate the greatest common divisor of 27895 and 3786547.
797
Calculate the highest common divisor of 4458500 and 4810360.
4820
Calculate the greatest common factor of 1093861437 and 7795.
1559
What is the highest common factor of 125136 and 9567690?
5214
Calculate the greatest common factor of 27274 and 27443.
13
Calculate the greatest common factor of 709186 and 122.
122
Calculate the highest common divisor of 9795192 and 1331.
121
Calculate the highest common divisor of 780953692 and 47.
47
What is the highest common divisor of 30914 and 463996?
26
What is the greatest common factor of 5031055 and 262?
131
Calculate the highest common divisor of 10832269 and 106218.
1967
Calculate the highest common divisor of 1252949 and 388.
97
What is the highest common divisor of 156 and 12408812?
52
Calculate the greatest common divisor of 80 and 16269472.
16
What is the highest common divisor of 403 and 678032?
31
Calculate the highest common divisor of 9256456 and 440.
88
What is the greatest common factor of 2439 and 3498?
3
Calculate the highest common factor of 360 and 964760.
40
Calculate the greatest common divisor of 17894219 and 3154.
1577
Calculate the highest common factor of 29852832 and 232.
232
What is the highest common factor of 19304 and 17000?
8
What is the greatest common divisor of 275055 and 11880?
165
What is the highest common divisor of 480 and 9914592?
96
What is the greatest common factor of 6809 and 4004352473?
6809
What is the greatest common factor of 383475 and 28650?
75
Calculate the greatest common factor of 30652434 and 228.
114
What is the greatest common divisor of 20926378 and 44?
22
What is the greatest common divisor of 598712 and 9834068?
4468
What is the highest common divisor of 18044 and 15347116?
1388
Calculate the highest common divisor of 43499670 and 12696.
3174
Calculate the greatest common factor of 3170 and 31090.
10
Calculate the highest common divisor of 58300279 and 83.
83
What is the highest common factor of 71736 and 229516?
196
Calculate the highest common divisor of 26168610 and 585.
195
What is the highest common divisor of 107518 and 58?
2
Calculate the highest common divisor of 1352208 and 87945.
429
Calculate the highest common divisor of 5961027 and 4077.
453
Calculate the highest common divisor of 3918 and 163202984.
1306
What is the highest common factor of 934 and 2107571?
467
What is the highest common divisor of 5585964 and 108?
12
Calculate the highest common factor of 167 and 49832633.
167
What is the greatest common factor of 353642040 and 360?
360
Calculate the greatest common factor of 30837 and 7923.
57
Calculate the greatest common factor of 28 and 2164365.
7
Calculate the highest common divisor of 2355 and 63051.
3
Calculate the greatest common factor of 69 and 306584043.
69
What is the highest common factor of 67050 and 90711945?
6705
What is the greatest common factor of 3 and 702861?
3
What is the highest common factor of 41625 and 8479125?
1125
Calculate the greatest common divisor of 8259909 and 74562.
867
What is the greatest common factor of 2189 and 3587136190?
2189
Calculate the greatest common divisor of 492 and 6136470.
246
Calculate the highest common factor of 200552759 and 22.
11
What is the highest common divisor of 6294 and 146055417?
3147
Calculate the greatest common divisor of 20145 and 547825.
85
Calculate the highest common divisor of 71148448 and 64.
32
What is the highest common divisor of 205029532 and 76?
76
What is the highest common divisor of 161462871 and 2358?
1179
What is the greatest common factor of 1798 and 530968?
62
Calculate the highest common factor of 1485 and 5165.
5
What is the greatest common factor of 241910 and 212160?
170
What is the highest common divisor of 512344 and 1124?
4
What is the greatest common factor of 2284 and 1371542?
1142
Calculate the highest common divisor of 82080 and 908580.
1140
Calculate the highest common divisor of 31910473 and 7.
7
What is the greatest common divisor of 57010708 and 4316?
332
What is the greatest common divisor of 4833258 and 285?
57
What is the greatest common factor of 478 and 89054?
2
Calculate the greatest common divisor of 225 and 69213975.
75
Calculate the highest common factor of 356 and 245699719.
89
Calculate the greatest common factor of 222673473 and 22.
11
Calculate the greatest common factor of 21255 and 125463.
39
What is the greatest common factor of 15351986 and 136?
34
Calculate the highest common factor of 20091513 and 90287.
5311
What is the greatest common factor of 36334 and 62308?
74
What is the greatest common factor of 2623570 and 41750?
1670
Calculate the greatest common divisor of 36 and 40923108.
36
What is the greatest common factor of 627063 and 993?
3
Calculate the highest common divisor of 684225 and 3425.
25
What is the greatest common divisor of 39250035 and 1155?
165
What is the highest common divisor of 168800203 and 1573?
1573
What is the highest common divisor of 2932740810 and 6210?
6210
What is the greatest common divisor of 26326713 and 208382?
3361
Calculate the greatest common divisor of 57582104 and 15115.
3023
What is the highest common factor of 11255 and 196136383?
2251
What is the greatest common factor of 231021 and 145863?
171
What is the greatest common divisor of 29126580 and 1260?
420
Calculate the highest common factor of 1041 and 275916703.
347
What is the greatest common factor of 217480 and 87960?
40
Calculate the highest common factor of 26 and 832526.
2
Calculate the greatest common divisor of 296400 and 33725.
475
What is the greatest common factor of 126 and 50693034?
42
What is the highest common divisor of 16380 and 29629860?
780
Calculate the greatest common divisor of 2079240 and 3840.
120
What is the highest common divisor of 563238 and 46397?
1079
Calculate the highest common divisor of 61470 and 13290.
30
What is the greatest common factor of 593876857 and 749?
749
Calculate the highest common divisor of 1446 and 419422422.
1446
Calculate the greatest common divisor of 11862 and 285840.
18
Calculate the greatest common divisor of 1 and 167206133.
1
What is the highest common divisor of 14371 and 434344998?
2053
What is the highest common divisor of 1115855 and 195?
65
What is the highest common divisor of 3172928 and 18128?
176
Calculate the highest common divisor of 123907745 and 3055.
3055
What is the highest common factor of 561848 and 9632?
56
What is the greatest common divisor of 2838 and 916072?
86
Calculate the highest common factor of 77 and 17723566.
7
What is the highest common divisor of 125 and 124402700?
25
What is the greatest common factor of 120991625 and 2875?
125
Calculate the greatest common divisor of 9472 and 430088.
296
Calculate the highest common divisor of 18814 and 104144.
46
What is the greatest common factor of 15067074 and 1650?
66
Calculate the greatest common divisor of 2054960 and 82960.
1360
What is the highest common divisor of 777924 and 742?
14
Calculate the greatest common divisor of 2656545 and 21855.
465
Calculate the highest common factor of 42285037 and 446.
223
What is the highest common divisor of 740569 and 140887?
89
What is the greatest common divisor of 574351 and 631627?
1591
Calculate the greatest common factor of 3244 and 73308.
4
What is the greatest common divisor of 66821820 and 975?
195
What is the highest common divisor of 135398597 and 5991?
1997
Calculate the greatest common divisor of 16017 and 1406153786.
5339
Calculate the highest common divisor of 129359 and 53461.
277
What is the greatest common factor of 412674 and 3488?
218
Calculate the highest common divisor of 534 and 88834638.
534
What is the greatest common factor of 33 and 545446?
11
What is the highest common divisor of 12851672 and 2144?
536
What is the greatest common factor of 3518854 and 2?
2
Calculate the highest common factor of 1257082833 and 102.
51
Calculate the greatest common factor of 17 and 230145235.
17
Calculate the highest common divisor of 145067 and 11011.
13
Calculate the highest common factor of 60990 and 1124610.
570
What is the greatest common factor of 63 and 2202241